{"id":20,"date":"2026-04-26T22:25:22","date_gmt":"2026-04-26T20:25:22","guid":{"rendered":"https:\/\/planmaster.fr\/velo\/mon-compte\/"},"modified":"2026-04-26T22:25:22","modified_gmt":"2026-04-26T20:25:22","slug":"mon-compte","status":"publish","type":"page","link":"https:\/\/planmaster.fr\/velo\/mon-compte\/","title":{"rendered":"Mon compte"},"content":{"rendered":"<div class=\"woocommerce\"><\/div>\n","protected":false},"excerpt":{"rendered":"","protected":false},"author":1,"featured_media":0,"parent":0,"menu_order":0,"comment_status":"closed","ping_status":"closed","template":"","meta":{"footnotes":""},"class_list":["post-20","page","type-page","status-publish","hentry"],"yoast_head":"<!-- This site is optimized with the Yoast SEO plugin v27.5 - https:\/\/yoast.com\/product\/yoast-seo-wordpress\/ -->\n<title>Mon compte - E-V\u00e9lo multi pistes<\/title>\n<meta name=\"robots\" content=\"index, follow, max-snippet:-1, max-image-preview:large, max-video-preview:-1\" \/>\n<link rel=\"canonical\" href=\"https:\/\/planmaster.fr\/velo\/mon-compte\/\" \/>\n<meta property=\"og:locale\" content=\"fr_FR\" \/>\n<meta property=\"og:type\" content=\"article\" \/>\n<meta property=\"og:title\" content=\"Mon compte - E-V\u00e9lo multi pistes\" \/>\n<meta property=\"og:url\" content=\"https:\/\/planmaster.fr\/velo\/mon-compte\/\" \/>\n<meta property=\"og:site_name\" content=\"E-V\u00e9lo multi pistes\" \/>\n<meta property=\"og:image\" content=\"https:\/\/planmaster.fr\/velo\/wp-content\/uploads\/sites\/5\/2026\/05\/logox400-E-Velo-multi-pistes.png\" \/>\n\t<meta property=\"og:image:width\" content=\"400\" \/>\n\t<meta property=\"og:image:height\" content=\"110\" \/>\n\t<meta property=\"og:image:type\" content=\"image\/png\" \/>\n<meta name=\"twitter:card\" content=\"summary_large_image\" \/>\n<script type=\"application\/ld+json\" class=\"yoast-schema-graph\">{\"@context\":\"https:\\\/\\\/schema.org\",\"@graph\":[{\"@type\":\"WebPage\",\"@id\":\"https:\\\/\\\/planmaster.fr\\\/velo\\\/mon-compte\\\/\",\"url\":\"https:\\\/\\\/planmaster.fr\\\/velo\\\/mon-compte\\\/\",\"name\":\"Mon compte - E-V\u00e9lo multi pistes\",\"isPartOf\":{\"@id\":\"https:\\\/\\\/planmaster.fr\\\/velo\\\/#website\"},\"datePublished\":\"2026-04-26T20:25:22+00:00\",\"breadcrumb\":{\"@id\":\"https:\\\/\\\/planmaster.fr\\\/velo\\\/mon-compte\\\/#breadcrumb\"},\"inLanguage\":\"fr-FR\",\"potentialAction\":[{\"@type\":\"ReadAction\",\"target\":[\"https:\\\/\\\/planmaster.fr\\\/velo\\\/mon-compte\\\/\"]}]},{\"@type\":\"BreadcrumbList\",\"@id\":\"https:\\\/\\\/planmaster.fr\\\/velo\\\/mon-compte\\\/#breadcrumb\",\"itemListElement\":[{\"@type\":\"ListItem\",\"position\":1,\"name\":\"Accueil\",\"item\":\"https:\\\/\\\/planmaster.fr\\\/velo\\\/\"},{\"@type\":\"ListItem\",\"position\":2,\"name\":\"Mon compte\"}]},{\"@type\":\"WebSite\",\"@id\":\"https:\\\/\\\/planmaster.fr\\\/velo\\\/#website\",\"url\":\"https:\\\/\\\/planmaster.fr\\\/velo\\\/\",\"name\":\"E-V\u00e9lo multi pistes\",\"description\":\"Comment bien choisir son v\u00e9lo \u00e9lectrique\",\"publisher\":{\"@id\":\"https:\\\/\\\/planmaster.fr\\\/velo\\\/#organization\"},\"potentialAction\":[{\"@type\":\"SearchAction\",\"target\":{\"@type\":\"EntryPoint\",\"urlTemplate\":\"https:\\\/\\\/planmaster.fr\\\/velo\\\/?s={search_term_string}\"},\"query-input\":{\"@type\":\"PropertyValueSpecification\",\"valueRequired\":true,\"valueName\":\"search_term_string\"}}],\"inLanguage\":\"fr-FR\"},{\"@type\":\"Organization\",\"@id\":\"https:\\\/\\\/planmaster.fr\\\/velo\\\/#organization\",\"name\":\"E-V\u00e9lo multi pistes\",\"url\":\"https:\\\/\\\/planmaster.fr\\\/velo\\\/\",\"logo\":{\"@type\":\"ImageObject\",\"inLanguage\":\"fr-FR\",\"@id\":\"https:\\\/\\\/planmaster.fr\\\/velo\\\/#\\\/schema\\\/logo\\\/image\\\/\",\"url\":\"https:\\\/\\\/planmaster.fr\\\/velo\\\/wp-content\\\/uploads\\\/sites\\\/5\\\/2026\\\/05\\\/logox400-E-Velo-multi-pistes.png\",\"contentUrl\":\"https:\\\/\\\/planmaster.fr\\\/velo\\\/wp-content\\\/uploads\\\/sites\\\/5\\\/2026\\\/05\\\/logox400-E-Velo-multi-pistes.png\",\"width\":400,\"height\":110,\"caption\":\"E-V\u00e9lo multi pistes\"},\"image\":{\"@id\":\"https:\\\/\\\/planmaster.fr\\\/velo\\\/#\\\/schema\\\/logo\\\/image\\\/\"}}]}<\/script>\n<!-- \/ Yoast SEO plugin. -->","yoast_head_json":{"title":"Mon compte - E-V\u00e9lo multi pistes","robots":{"index":"index","follow":"follow","max-snippet":"max-snippet:-1","max-image-preview":"max-image-preview:large","max-video-preview":"max-video-preview:-1"},"canonical":"https:\/\/planmaster.fr\/velo\/mon-compte\/","og_locale":"fr_FR","og_type":"article","og_title":"Mon compte - E-V\u00e9lo multi pistes","og_url":"https:\/\/planmaster.fr\/velo\/mon-compte\/","og_site_name":"E-V\u00e9lo multi pistes","og_image":[{"width":400,"height":110,"url":"https:\/\/planmaster.fr\/velo\/wp-content\/uploads\/sites\/5\/2026\/05\/logox400-E-Velo-multi-pistes.png","type":"image\/png"}],"twitter_card":"summary_large_image","schema":{"@context":"https:\/\/schema.org","@graph":[{"@type":"WebPage","@id":"https:\/\/planmaster.fr\/velo\/mon-compte\/","url":"https:\/\/planmaster.fr\/velo\/mon-compte\/","name":"Mon compte - E-V\u00e9lo multi pistes","isPartOf":{"@id":"https:\/\/planmaster.fr\/velo\/#website"},"datePublished":"2026-04-26T20:25:22+00:00","breadcrumb":{"@id":"https:\/\/planmaster.fr\/velo\/mon-compte\/#breadcrumb"},"inLanguage":"fr-FR","potentialAction":[{"@type":"ReadAction","target":["https:\/\/planmaster.fr\/velo\/mon-compte\/"]}]},{"@type":"BreadcrumbList","@id":"https:\/\/planmaster.fr\/velo\/mon-compte\/#breadcrumb","itemListElement":[{"@type":"ListItem","position":1,"name":"Accueil","item":"https:\/\/planmaster.fr\/velo\/"},{"@type":"ListItem","position":2,"name":"Mon compte"}]},{"@type":"WebSite","@id":"https:\/\/planmaster.fr\/velo\/#website","url":"https:\/\/planmaster.fr\/velo\/","name":"E-V\u00e9lo multi pistes","description":"Comment bien choisir son v\u00e9lo \u00e9lectrique","publisher":{"@id":"https:\/\/planmaster.fr\/velo\/#organization"},"potentialAction":[{"@type":"SearchAction","target":{"@type":"EntryPoint","urlTemplate":"https:\/\/planmaster.fr\/velo\/?s={search_term_string}"},"query-input":{"@type":"PropertyValueSpecification","valueRequired":true,"valueName":"search_term_string"}}],"inLanguage":"fr-FR"},{"@type":"Organization","@id":"https:\/\/planmaster.fr\/velo\/#organization","name":"E-V\u00e9lo multi pistes","url":"https:\/\/planmaster.fr\/velo\/","logo":{"@type":"ImageObject","inLanguage":"fr-FR","@id":"https:\/\/planmaster.fr\/velo\/#\/schema\/logo\/image\/","url":"https:\/\/planmaster.fr\/velo\/wp-content\/uploads\/sites\/5\/2026\/05\/logox400-E-Velo-multi-pistes.png","contentUrl":"https:\/\/planmaster.fr\/velo\/wp-content\/uploads\/sites\/5\/2026\/05\/logox400-E-Velo-multi-pistes.png","width":400,"height":110,"caption":"E-V\u00e9lo multi pistes"},"image":{"@id":"https:\/\/planmaster.fr\/velo\/#\/schema\/logo\/image\/"}}]}},"_links":{"self":[{"href":"https:\/\/planmaster.fr\/velo\/wp-json\/wp\/v2\/pages\/20","targetHints":{"allow":["GET"]}}],"collection":[{"href":"https:\/\/planmaster.fr\/velo\/wp-json\/wp\/v2\/pages"}],"about":[{"href":"https:\/\/planmaster.fr\/velo\/wp-json\/wp\/v2\/types\/page"}],"author":[{"embeddable":true,"href":"https:\/\/planmaster.fr\/velo\/wp-json\/wp\/v2\/users\/1"}],"replies":[{"embeddable":true,"href":"https:\/\/planmaster.fr\/velo\/wp-json\/wp\/v2\/comments?post=20"}],"version-history":[{"count":0,"href":"https:\/\/planmaster.fr\/velo\/wp-json\/wp\/v2\/pages\/20\/revisions"}],"wp:attachment":[{"href":"https:\/\/planmaster.fr\/velo\/wp-json\/wp\/v2\/media?parent=20"}],"curies":[{"name":"wp","href":"https:\/\/api.w.org\/{rel}","templated":true}]}}